{"id":6245,"date":"2023-06-28T16:08:20","date_gmt":"2023-06-28T16:08:20","guid":{"rendered":"http:\/\/ebookdentalp.local\/?page_id=6245"},"modified":"2025-04-16T18:23:09","modified_gmt":"2025-04-16T18:23:09","slug":"about-es","status":"publish","type":"page","link":"https:\/\/you.dental\/?page_id=6245&lang=es","title":{"rendered":"About-ES"},"content":{"rendered":"\t\t<div data-elementor-type=\"wp-post\" data-elementor-id=\"6245\" class=\"elementor elementor-6245\" data-elementor-post-type=\"page\">\n\t\t\t\t\t\t<section class=\"elementor-section elementor-top-section elementor-element elementor-element-5b732a9 elementor-section-content-middle elementor-section-boxed elementor-section-height-default elementor-section-height-default\" data-id=\"5b732a9\" data-element_type=\"section\" data-settings=\"{&quot;background_background&quot;:&quot;classic&quot;}\">\n\t\t\t\t\t\t\t<div class=\"elementor-background-overlay\"><\/div>\n\t\t\t\t\t\t\t<div class=\"elementor-container elementor-column-gap-default\">\n\t\t\t\t\t<div class=\"elementor-column elementor-col-100 elementor-top-column elementor-element elementor-element-632c029\" data-id=\"632c029\" data-element_type=\"column\">\n\t\t\t<div class=\"elementor-widget-wrap elementor-element-populated\">\n\t\t\t\t\t\t<div class=\"elementor-element elementor-element-f4ac399 elementor-widget elementor-widget-heading\" data-id=\"f4ac399\" data-element_type=\"widget\" data-widget_type=\"heading.default\">\n\t\t\t\t<div class=\"elementor-widget-container\">\n\t\t\t\t\t<h1 class=\"elementor-heading-title elementor-size-default\">\u00bfC\u00f3mo Funciona?<\/h1>\t\t\t\t<\/div>\n\t\t\t\t<\/div>\n\t\t\t\t\t<\/div>\n\t\t<\/div>\n\t\t\t\t\t<\/div>\n\t\t<\/section>\n\t\t\t\t<section class=\"elementor-section elementor-top-section elementor-element elementor-element-9d11c7c elementor-section-content-middle elementor-section-height-min-height elementor-section-boxed elementor-section-height-default elementor-section-items-middle\" data-id=\"9d11c7c\" data-element_type=\"section\" data-settings=\"{&quot;background_background&quot;:&quot;classic&quot;}\">\n\t\t\t\t\t\t<div class=\"elementor-container elementor-column-gap-default\">\n\t\t\t\t\t<div class=\"elementor-column elementor-col-100 elementor-top-column elementor-element elementor-element-8b521f3\" data-id=\"8b521f3\" data-element_type=\"column\" data-settings=\"{&quot;background_background&quot;:&quot;classic&quot;}\">\n\t\t\t<div class=\"elementor-widget-wrap elementor-element-populated\">\n\t\t\t\t\t\t<section class=\"elementor-section elementor-inner-section elementor-element elementor-element-bb153d5 elementor-section-content-top elementor-section-boxed elementor-section-height-default elementor-section-height-default\" data-id=\"bb153d5\" data-element_type=\"section\">\n\t\t\t\t\t\t<div class=\"elementor-container elementor-column-gap-default\">\n\t\t\t\t\t<div class=\"elementor-column elementor-col-33 elementor-inner-column elementor-element elementor-element-da8d03d\" data-id=\"da8d03d\" data-element_type=\"column\" data-settings=\"{&quot;background_background&quot;:&quot;classic&quot;}\">\n\t\t\t<div class=\"elementor-widget-wrap elementor-element-populated\">\n\t\t\t\t\t\t<div class=\"elementor-element elementor-element-5e45a47 elementor-view-default elementor-widget elementor-widget-icon\" data-id=\"5e45a47\" data-element_type=\"widget\" data-widget_type=\"icon.default\">\n\t\t\t\t<div class=\"elementor-widget-container\">\n\t\t\t\t\t\t\t<div class=\"elementor-icon-wrapper\">\n\t\t\t<div class=\"elementor-icon\">\n\t\t\t<i aria-hidden=\"true\" class=\"fas fa-money-check\"><\/i>\t\t\t<\/div>\n\t\t<\/div>\n\t\t\t\t\t\t<\/div>\n\t\t\t\t<\/div>\n\t\t\t\t<div class=\"elementor-element elementor-element-cb94f49 elementor-widget elementor-widget-heading\" data-id=\"cb94f49\" data-element_type=\"widget\" data-widget_type=\"heading.default\">\n\t\t\t\t<div class=\"elementor-widget-container\">\n\t\t\t\t\t<h5 class=\"elementor-heading-title elementor-size-default\">Compra el libro<\/h5>\t\t\t\t<\/div>\n\t\t\t\t<\/div>\n\t\t\t\t<div class=\"elementor-element elementor-element-0a4cf13 elementor-widget elementor-widget-spacer\" data-id=\"0a4cf13\" data-element_type=\"widget\" data-widget_type=\"spacer.default\">\n\t\t\t\t<div class=\"elementor-widget-container\">\n\t\t\t\t\t\t\t<div class=\"elementor-spacer\">\n\t\t\t<div class=\"elementor-spacer-inner\"><\/div>\n\t\t<\/div>\n\t\t\t\t\t\t<\/div>\n\t\t\t\t<\/div>\n\t\t\t\t<div class=\"elementor-element elementor-element-b06512e elementor-widget elementor-widget-bdt-toggle\" data-id=\"b06512e\" data-element_type=\"widget\" data-widget_type=\"bdt-toggle.default\">\n\t\t\t\t<div class=\"elementor-widget-container\">\n\t\t\t\t\t\n        <div class=\"bdt-show-hide-container\">\n            <div id=\"bdt-show-hide-b06512e\" class=\"bdt-show-hide\" data-settings=\"{&quot;id&quot;:&quot;b06512e&quot;,&quot;status_scrollspy&quot;:&quot;no&quot;,&quot;scrollspy_top_offset&quot;:70,&quot;scrollspy_time&quot;:1000,&quot;toggle_initially_open&quot;:&quot; &quot;,&quot;by_widget_selector_status&quot;:&quot;no&quot;,&quot;viewport_lg&quot;:1023,&quot;viewport_md&quot;:767}\">\n                <div class=\"bdt-show-hide-item \">\n                    <div class=\"bdt-show-hide-content\">\n                        <p style=\"margin-bottom: 1rem;\"><span style=\"color: #777777; font-family: Open Sans, Helvetica, Arial, sans-serif;\"><span style=\"font-size: 14px;\">Compra el ebook en nuestra tienda. Ten en cuenta que algunos ebooks son gratuitos.<\/span><\/span><\/p><p style=\"margin-bottom: 1rem;\"><span style=\"color: #777777; font-family: Open Sans, Helvetica, Arial, sans-serif;\"><span style=\"font-size: 14px;\">Si est\u00e1s realizando tu primer pedido, se crear\u00e1 autom\u00e1ticamente una cuenta para ti. Con esta cuenta, podr\u00e1s acceder a tu \u00e1rea personal para ver pedidos, cambiar la contrase\u00f1a y m\u00e1s.<\/span><\/span><\/p><p style=\"margin-bottom: 1rem;\"><span style=\"color: #777777; font-family: Open Sans, Helvetica, Arial, sans-serif;\"><span style=\"font-size: 14px;\">Guarda cuidadosamente tus datos de acceso, ya que ser\u00e1n los mismos que te permitir\u00e1n leer los ebooks adquiridos a trav\u00e9s de las diferentes aplicaciones que ponemos a tu disposici\u00f3n.<\/span><\/span><\/p><p style=\"margin-bottom: 1rem;\"><span style=\"color: #777777; font-family: Open Sans, Helvetica, Arial, sans-serif;\"><span style=\"font-size: 14px;\">Los datos de tu cuenta te ser\u00e1n enviados por correo electr\u00f3nico con tu primer pedido.<\/span><\/span><\/p><p style=\"margin-bottom: 1rem;\"><span style=\"color: #777777; font-family: Open Sans, Helvetica, Arial, sans-serif;\"><span style=\"font-size: 14px;\">A partir de la segunda compra, al iniciar sesi\u00f3n al finalizar la compra, no tendr\u00e1s que volver a ingresar todos los datos de facturaci\u00f3n, ya que se te ofrecer\u00e1n autom\u00e1ticamente.<\/span><\/span><\/p><p style=\"margin-bottom: 1rem;\"><span style=\"color: #777777; font-family: Open Sans, Helvetica, Arial, sans-serif;\"><span style=\"font-size: 14px;\">Tambi\u00e9n podr\u00e1s ingresar los c\u00f3digos promocionales que tengas en tu posesi\u00f3n al finalizar la compra, si as\u00ed lo deseas.<\/span><\/span><\/p>                    <\/div>\n\n                    <a class=\"bdt-show-hide-title\" href='javascript:void(0)'>\n                        <!--  -->\n                                                                                                    <!--  -->\n                        <span class=\"bdt-toggle-open\">\n                            Mostrar todo                        <\/span>\n                        <span class=\"bdt-toggle-close\">\n                            Colapso                        <\/span>\n                                                                                    <span class=\"bdt-show-hide-icon\" aria-hidden=\"true\">\n\n                                    <span class=\"bdt-show-hide-icon-closed\">\n                                        <i aria-hidden=\"true\" class=\"fa-fw fas fa-plus\"><\/i>                                    <\/span>\n\n                                    <span class=\"bdt-show-hide-icon-opened\">\n                                        <i aria-hidden=\"true\" class=\"fa-fw fas fa-minus\"><\/i>                                    <\/span>\n\n                                <\/span>\n                                                    \n                    <\/a>\n                <\/div>\n            <\/div>\n        <\/div>\n\n\t\t\t\t<\/div>\n\t\t\t\t<\/div>\n\t\t\t\t\t<\/div>\n\t\t<\/div>\n\t\t\t\t<div class=\"elementor-column elementor-col-33 elementor-inner-column elementor-element elementor-element-22b8793\" data-id=\"22b8793\" data-element_type=\"column\" data-settings=\"{&quot;background_background&quot;:&quot;classic&quot;}\">\n\t\t\t<div class=\"elementor-widget-wrap elementor-element-populated\">\n\t\t\t\t\t\t<div class=\"elementor-element elementor-element-ebc6b0f elementor-view-default elementor-widget elementor-widget-icon\" data-id=\"ebc6b0f\" data-element_type=\"widget\" data-widget_type=\"icon.default\">\n\t\t\t\t<div class=\"elementor-widget-container\">\n\t\t\t\t\t\t\t<div class=\"elementor-icon-wrapper\">\n\t\t\t<div class=\"elementor-icon\">\n\t\t\t<i aria-hidden=\"true\" class=\"fab fa-google-play\"><\/i>\t\t\t<\/div>\n\t\t<\/div>\n\t\t\t\t\t\t<\/div>\n\t\t\t\t<\/div>\n\t\t\t\t<div class=\"elementor-element elementor-element-7a8a7f6 elementor-view-default elementor-widget elementor-widget-icon\" data-id=\"7a8a7f6\" data-element_type=\"widget\" data-widget_type=\"icon.default\">\n\t\t\t\t<div class=\"elementor-widget-container\">\n\t\t\t\t\t\t\t<div class=\"elementor-icon-wrapper\">\n\t\t\t<div class=\"elementor-icon\">\n\t\t\t<i aria-hidden=\"true\" class=\"fab fa-app-store\"><\/i>\t\t\t<\/div>\n\t\t<\/div>\n\t\t\t\t\t\t<\/div>\n\t\t\t\t<\/div>\n\t\t\t\t<div class=\"elementor-element elementor-element-65d943e elementor-widget elementor-widget-heading\" data-id=\"65d943e\" data-element_type=\"widget\" data-widget_type=\"heading.default\">\n\t\t\t\t<div class=\"elementor-widget-container\">\n\t\t\t\t\t<h5 class=\"elementor-heading-title elementor-size-default\">Descarga la aplicaci\u00f3n<\/h5>\t\t\t\t<\/div>\n\t\t\t\t<\/div>\n\t\t\t\t<div class=\"elementor-element elementor-element-09cc022 elementor-widget elementor-widget-spacer\" data-id=\"09cc022\" data-element_type=\"widget\" data-widget_type=\"spacer.default\">\n\t\t\t\t<div class=\"elementor-widget-container\">\n\t\t\t\t\t\t\t<div class=\"elementor-spacer\">\n\t\t\t<div class=\"elementor-spacer-inner\"><\/div>\n\t\t<\/div>\n\t\t\t\t\t\t<\/div>\n\t\t\t\t<\/div>\n\t\t\t\t<div class=\"elementor-element elementor-element-d88a716 elementor-widget elementor-widget-bdt-toggle\" data-id=\"d88a716\" data-element_type=\"widget\" data-widget_type=\"bdt-toggle.default\">\n\t\t\t\t<div class=\"elementor-widget-container\">\n\t\t\t\t\t\n        <div class=\"bdt-show-hide-container\">\n            <div id=\"bdt-show-hide-d88a716\" class=\"bdt-show-hide\" data-settings=\"{&quot;id&quot;:&quot;d88a716&quot;,&quot;status_scrollspy&quot;:&quot;no&quot;,&quot;scrollspy_top_offset&quot;:70,&quot;scrollspy_time&quot;:1000,&quot;toggle_initially_open&quot;:&quot; &quot;,&quot;by_widget_selector_status&quot;:&quot;no&quot;,&quot;viewport_lg&quot;:1023,&quot;viewport_md&quot;:767}\">\n                <div class=\"bdt-show-hide-item \">\n                    <div class=\"bdt-show-hide-content\">\n                        <p style=\"margin-bottom: 1rem;\"><span style=\"color: #777777; font-family: Open Sans, Helvetica, Arial, sans-serif;\"><span style=\"font-size: 14px;\">Para leer el contenido que has comprado, puedes descargar nuestra aplicaci\u00f3n you.dental desde<\/span><\/span><span style=\"background-color: var( --e-global-color-astglobalcolor5 ); color: #777777; font-family: 'Open Sans', Helvetica, Arial, sans-serif; font-size: 14px; font-style: inherit; font-weight: inherit;\">:<\/span><\/p><ul><li><span style=\"background-color: var( --e-global-color-astglobalcolor5 );\"><span style=\"color: #777777; font-family: Open Sans, Helvetica, Arial, sans-serif;\"><span style=\"font-size: 14px;\"><span style=\"text-decoration: underline;\"><strong><a href=\"https:\/\/apps.apple.com\/it\/app\/ebook-dental\/id1579893114\" target=\"_blank\" rel=\"noopener\">App Store para iPhones o iPads<\/a>,<\/strong> <\/span>o<\/span><\/span><\/span><\/li><li><a href=\"https:\/\/play.google.com\/store\/apps\/details?id=dental.ebook.shelf&amp;pli=1\" target=\"_blank\" rel=\"noopener\"><span style=\"text-decoration: underline;\"><strong><span style=\"color: #777777; font-family: Open Sans, Helvetica, Arial, sans-serif;\"><span style=\"font-size: 14px;\">Google Play Store para tel\u00e9fonos Android o tablets<\/span><\/span><\/strong><\/span><\/a><\/li><\/ul>                    <\/div>\n\n                    <a class=\"bdt-show-hide-title\" href='javascript:void(0)'>\n                        <!--  -->\n                                                                                                    <!--  -->\n                        <span class=\"bdt-toggle-open\">\n                            Mostrar todo                        <\/span>\n                        <span class=\"bdt-toggle-close\">\n                            Colapso                        <\/span>\n                                                                                    <span class=\"bdt-show-hide-icon\" aria-hidden=\"true\">\n\n                                    <span class=\"bdt-show-hide-icon-closed\">\n                                        <i aria-hidden=\"true\" class=\"fa-fw fas fa-plus\"><\/i>                                    <\/span>\n\n                                    <span class=\"bdt-show-hide-icon-opened\">\n                                        <i aria-hidden=\"true\" class=\"fa-fw fas fa-minus\"><\/i>                                    <\/span>\n\n                                <\/span>\n                                                    \n                    <\/a>\n                <\/div>\n            <\/div>\n        <\/div>\n\n\t\t\t\t<\/div>\n\t\t\t\t<\/div>\n\t\t\t\t\t<\/div>\n\t\t<\/div>\n\t\t\t\t<div class=\"elementor-column elementor-col-33 elementor-inner-column elementor-element elementor-element-d1d9560\" data-id=\"d1d9560\" data-element_type=\"column\" data-settings=\"{&quot;background_background&quot;:&quot;classic&quot;}\">\n\t\t\t<div class=\"elementor-widget-wrap elementor-element-populated\">\n\t\t\t\t\t\t<div class=\"elementor-element elementor-element-95ad3f3 elementor-view-default elementor-widget elementor-widget-icon\" data-id=\"95ad3f3\" data-element_type=\"widget\" data-widget_type=\"icon.default\">\n\t\t\t\t<div class=\"elementor-widget-container\">\n\t\t\t\t\t\t\t<div class=\"elementor-icon-wrapper\">\n\t\t\t<div class=\"elementor-icon\">\n\t\t\t<i aria-hidden=\"true\" class=\"fas fa-book-reader\"><\/i>\t\t\t<\/div>\n\t\t<\/div>\n\t\t\t\t\t\t<\/div>\n\t\t\t\t<\/div>\n\t\t\t\t<div class=\"elementor-element elementor-element-5ba7343 elementor-widget elementor-widget-heading\" data-id=\"5ba7343\" data-element_type=\"widget\" data-widget_type=\"heading.default\">\n\t\t\t\t<div class=\"elementor-widget-container\">\n\t\t\t\t\t<h5 class=\"elementor-heading-title elementor-size-default\">Lee el libro<\/h5>\t\t\t\t<\/div>\n\t\t\t\t<\/div>\n\t\t\t\t<div class=\"elementor-element elementor-element-dd8a6c2 elementor-widget elementor-widget-spacer\" data-id=\"dd8a6c2\" data-element_type=\"widget\" data-widget_type=\"spacer.default\">\n\t\t\t\t<div class=\"elementor-widget-container\">\n\t\t\t\t\t\t\t<div class=\"elementor-spacer\">\n\t\t\t<div class=\"elementor-spacer-inner\"><\/div>\n\t\t<\/div>\n\t\t\t\t\t\t<\/div>\n\t\t\t\t<\/div>\n\t\t\t\t<div class=\"elementor-element elementor-element-649127c elementor-widget elementor-widget-bdt-toggle\" data-id=\"649127c\" data-element_type=\"widget\" data-widget_type=\"bdt-toggle.default\">\n\t\t\t\t<div class=\"elementor-widget-container\">\n\t\t\t\t\t\n        <div class=\"bdt-show-hide-container\">\n            <div id=\"bdt-show-hide-649127c\" class=\"bdt-show-hide\" data-settings=\"{&quot;id&quot;:&quot;649127c&quot;,&quot;status_scrollspy&quot;:&quot;no&quot;,&quot;scrollspy_top_offset&quot;:70,&quot;scrollspy_time&quot;:1000,&quot;toggle_initially_open&quot;:&quot; &quot;,&quot;by_widget_selector_status&quot;:&quot;no&quot;,&quot;viewport_lg&quot;:1023,&quot;viewport_md&quot;:767}\">\n                <div class=\"bdt-show-hide-item \">\n                    <div class=\"bdt-show-hide-content\">\n                        <p style=\"margin-bottom: 1rem;\"><span style=\"color: #777777; font-family: Open Sans, Helvetica, Arial, sans-serif;\"><span style=\"font-size: 14px;\">Para leer los libros electr\u00f3nicos, inicie sesi\u00f3n con la misma direcci\u00f3n de correo electr\u00f3nico y contrase\u00f1a que utiliz\u00f3 para comprar libros electr\u00f3nicos:<\/span><\/span><\/p><ul><li><span style=\"color: #777777; font-family: Open Sans, Helvetica, Arial, sans-serif;\"><span style=\"color: #777777; font-family: Open Sans, Helvetica, Arial, sans-serif;\"><span style=\"font-size: 14px;\">Leerlo en la aplicaci\u00f3n que descargaste en tu iPhone o tel\u00e9fono Android.\u00a0<\/span><\/span><\/span><\/li><li><a href=\"https:\/\/app.ebook.dental\/\" target=\"_blank\" rel=\"noopener\"><span style=\"text-decoration: underline;\"><strong><span style=\"color: #777777; font-family: Open Sans, Helvetica, Arial, sans-serif;\"><span style=\"color: #777777; font-family: Open Sans, Helvetica, Arial, sans-serif;\"><span style=\"font-size: 14px;\">Leerlo directamente en tu escritorio: haz clic en el \u00edtem &#8220;Leer&#8221; en este sitio web.<\/span><\/span><\/span><\/strong><\/span><\/a><\/li><\/ul>                    <\/div>\n\n                    <a class=\"bdt-show-hide-title\" href='javascript:void(0)'>\n                        <!--  -->\n                                                                                                    <!--  -->\n                        <span class=\"bdt-toggle-open\">\n                            Mostrar todo                        <\/span>\n                        <span class=\"bdt-toggle-close\">\n                            Colapso                        <\/span>\n                                                                                    <span class=\"bdt-show-hide-icon\" aria-hidden=\"true\">\n\n                                    <span class=\"bdt-show-hide-icon-closed\">\n                                        <i aria-hidden=\"true\" class=\"fa-fw fas fa-plus\"><\/i>                                    <\/span>\n\n                                    <span class=\"bdt-show-hide-icon-opened\">\n                                        <i aria-hidden=\"true\" class=\"fa-fw fas fa-minus\"><\/i>                                    <\/span>\n\n                                <\/span>\n                                                    \n                    <\/a>\n                <\/div>\n            <\/div>\n        <\/div>\n\n\t\t\t\t<\/div>\n\t\t\t\t<\/div>\n\t\t\t\t\t<\/div>\n\t\t<\/div>\n\t\t\t\t\t<\/div>\n\t\t<\/section>\n\t\t\t\t\t<\/div>\n\t\t<\/div>\n\t\t\t\t\t<\/div>\n\t\t<\/section>\n\t\t\t\t<\/div>\n\t\t","protected":false},"excerpt":{"rendered":"<p>\u00bfC\u00f3mo Funciona? Compra el libro Compra el ebook en nuestra tienda. Ten en cuenta que algunos ebooks son gratuitos. Si est\u00e1s realizando tu primer pedido, se crear\u00e1 autom\u00e1ticamente una cuenta para ti. Con esta cuenta, podr\u00e1s acceder a tu \u00e1rea personal para ver pedidos, cambiar la contrase\u00f1a y m\u00e1s. Guarda cuidadosamente tus datos de acceso, [&hellip;]<\/p>\n","protected":false},"author":1,"featured_media":0,"parent":0,"menu_order":0,"comment_status":"closed","ping_status":"closed","template":"","meta":{"_uag_custom_page_level_css":"","site-sidebar-layout":"no-sidebar","site-content-layout":"page-builder","ast-site-content-layout":"default","site-content-style":"default","site-sidebar-style":"default","ast-global-header-display":"","ast-banner-title-visibility":"","ast-main-header-display":"","ast-hfb-above-header-display":"","ast-hfb-below-header-display":"","ast-hfb-mobile-header-display":"","site-post-title":"disabled","ast-breadcrumbs-content":"","ast-featured-img":"disabled","footer-sml-layout":"","theme-transparent-header-meta":"","adv-header-id-meta":"","stick-header-meta":"","header-above-stick-meta":"","header-main-stick-meta":"","header-below-stick-meta":"","astra-migrate-meta-layouts":"default","ast-page-background-enabled":"default","ast-page-background-meta":{"desktop":{"background-color":"","background-image":"","background-repeat":"repeat","background-position":"center center","background-size":"auto","background-attachment":"scroll","background-type":"","background-media":"","overlay-type":"","overlay-color":"","overlay-opacity":"","overlay-gradient":""},"tablet":{"background-color":"","background-image":"","background-repeat":"repeat","background-position":"center center","background-size":"auto","background-attachment":"scroll","background-type":"","background-media":"","overlay-type":"","overlay-color":"","overlay-opacity":"","overlay-gradient":""},"mobile":{"background-color":"","background-image":"","background-repeat":"repeat","background-position":"center center","background-size":"auto","background-attachment":"scroll","background-type":"","background-media":"","overlay-type":"","overlay-color":"","overlay-opacity":"","overlay-gradient":""}},"ast-content-background-meta":{"desktop":{"background-color":"var(--ast-global-color-5)","background-image":"","background-repeat":"repeat","background-position":"center center","background-size":"auto","background-attachment":"scroll","background-type":"","background-media":"","overlay-type":"","overlay-color":"","overlay-opacity":"","overlay-gradient":""},"tablet":{"background-color":"var(--ast-global-color-5)","background-image":"","background-repeat":"repeat","background-position":"center center","background-size":"auto","background-attachment":"scroll","background-type":"","background-media":"","overlay-type":"","overlay-color":"","overlay-opacity":"","overlay-gradient":""},"mobile":{"background-color":"var(--ast-global-color-5)","background-image":"","background-repeat":"repeat","background-position":"center center","background-size":"auto","background-attachment":"scroll","background-type":"","background-media":"","overlay-type":"","overlay-color":"","overlay-opacity":"","overlay-gradient":""}},"footnotes":""},"class_list":["post-6245","page","type-page","status-publish","hentry"],"lang":"es","translations":{"es":6245,"it":5871,"en":96,"de":6235,"hr":9051},"uagb_featured_image_src":{"full":false,"thumbnail":false,"medium":false,"medium_large":false,"large":false,"1536x1536":false,"2048x2048":false,"woocommerce_thumbnail":false,"woocommerce_single":false,"woocommerce_gallery_thumbnail":false},"uagb_author_info":{"display_name":"ebookdentalp","author_link":"https:\/\/you.dental\/?author=1"},"uagb_comment_info":0,"uagb_excerpt":"\u00bfC\u00f3mo Funciona? Compra el libro Compra el ebook en nuestra tienda. Ten en cuenta que algunos ebooks son gratuitos. Si est\u00e1s realizando tu primer pedido, se crear\u00e1 autom\u00e1ticamente una cuenta para ti. Con esta cuenta, podr\u00e1s acceder a tu \u00e1rea personal para ver pedidos, cambiar la contrase\u00f1a y m\u00e1s. Guarda cuidadosamente tus datos de acceso,&hellip;","jetpack_sharing_enabled":true,"pll_sync_post":[],"_links":{"self":[{"href":"https:\/\/you.dental\/index.php?rest_route=\/wp\/v2\/pages\/6245","targetHints":{"allow":["GET"]}}],"collection":[{"href":"https:\/\/you.dental\/index.php?rest_route=\/wp\/v2\/pages"}],"about":[{"href":"https:\/\/you.dental\/index.php?rest_route=\/wp\/v2\/types\/page"}],"author":[{"embeddable":true,"href":"https:\/\/you.dental\/index.php?rest_route=\/wp\/v2\/users\/1"}],"replies":[{"embeddable":true,"href":"https:\/\/you.dental\/index.php?rest_route=%2Fwp%2Fv2%2Fcomments&post=6245"}],"version-history":[{"count":40,"href":"https:\/\/you.dental\/index.php?rest_route=\/wp\/v2\/pages\/6245\/revisions"}],"predecessor-version":[{"id":8673,"href":"https:\/\/you.dental\/index.php?rest_route=\/wp\/v2\/pages\/6245\/revisions\/8673"}],"wp:attachment":[{"href":"https:\/\/you.dental\/index.php?rest_route=%2Fwp%2Fv2%2Fmedia&parent=6245"}],"curies":[{"name":"wp","href":"https:\/\/api.w.org\/{rel}","templated":true}]}}